{"id":10309,"date":"2025-10-30T11:49:23","date_gmt":"2025-10-30T10:49:23","guid":{"rendered":"https:\/\/www.tabernaklet.se\/?page_id=10309"},"modified":"2026-04-12T14:32:36","modified_gmt":"2026-04-12T12:32:36","slug":"videor-predikotema","status":"publish","type":"page","link":"https:\/\/www.tabernaklet.se\/?page_id=10309","title":{"rendered":"Videor efter talare"},"content":{"rendered":"\t\t<div data-elementor-type=\"wp-page\" data-elementor-id=\"10309\" class=\"elementor elementor-10309\">\n\t\t\t\t<div class=\"elementor-element elementor-element-678c2833 e-con-full e-flex e-con e-parent\" data-id=\"678c2833\" data-element_type=\"container\" data-e-type=\"container\">\n\t\t\t\t<div class=\"elementor-element elementor-element-6526cc2c elementor-widget__width-initial elementor-widget-mobile__width-initial elementor-widget elementor-widget-text-editor\" data-id=\"6526cc2c\" data-element_type=\"widget\" data-e-type=\"widget\" data-widget_type=\"text-editor.default\">\n\t\t\t\t<div class=\"elementor-widget-container\">\n\t\t\t\t\t\t\t\t\t\n<h5>Predikningar <strong>och undervisning i Tabernaklet G\u00f6teborg<\/strong><\/h5>\n\n<p>\u00a0<\/p>\n\t\t\t\t\t\t\t\t<\/div>\n\t\t\t\t<\/div>\n\t\t\t\t<\/div>\n\t\t<div class=\"elementor-element elementor-element-7e822bb e-con-full e-flex e-con e-parent\" data-id=\"7e822bb\" data-element_type=\"container\" data-e-type=\"container\">\n\t\t<div class=\"elementor-element elementor-element-7bdb5d3 e-con-full e-flex e-con e-child\" data-id=\"7bdb5d3\" data-element_type=\"container\" data-e-type=\"container\">\n\t\t<div class=\"elementor-element elementor-element-82a1c0b e-grid e-con-full e-con e-child\" data-id=\"82a1c0b\" data-element_type=\"container\" data-e-type=\"container\">\n\t\t\t\t<div class=\"elementor-element elementor-element-2063978 elementor-widget__width-initial elementor-widget-tablet__width-initial elementor-widget-mobile__width-inherit elementor-widget elementor-widget-image\" data-id=\"2063978\" data-element_type=\"widget\" data-e-type=\"widget\" data-widget_type=\"image.default\">\n\t\t\t\t<div class=\"elementor-widget-container\">\n\t\t\t\t\t\t\t\t\t\t\t\t\t\t\t<img fetchpriority=\"high\" decoding=\"async\" width=\"720\" height=\"407\" src=\"https:\/\/www.tabernaklet.se\/wp-content\/uploads\/2023\/01\/bible-3939031__480-e1718108116378.jpg\" class=\"attachment-large size-large wp-image-3022\" alt=\"\" \/>\t\t\t\t\t\t\t\t\t\t\t\t\t\t\t<\/div>\n\t\t\t\t<\/div>\n\t\t\t\t<div class=\"elementor-element elementor-element-cbada2d elementor-widget-tablet__width-initial elementor-widget-mobile__width-initial elementor-widget__width-initial elementor-widget elementor-widget-text-editor\" data-id=\"cbada2d\" data-element_type=\"widget\" data-e-type=\"widget\" data-widget_type=\"text-editor.default\">\n\t\t\t\t<div class=\"elementor-widget-container\">\n\t\t\t\t\t\t\t\t\t<p><strong>Uppdelning efter talare:<\/strong><br \/><strong>&#8211; <a href=\"https:\/\/www.tabernaklet.se\/?page_id=10937\">Micael Nilsson<\/a><br \/>&#8211;\u00a0<\/strong><strong><a href=\"https:\/\/www.tabernaklet.se\/?page_id=10936\">Jonas Dagson<\/a><br \/>&#8211; <a href=\"https:\/\/www.tabernaklet.se\/?page_id=12209\">Birgitta Olsson Claesson<\/a><br \/>&#8211; <a href=\"https:\/\/www.tabernaklet.se\/?page_id=12249\">Magnus Claesson<\/a><br \/>&#8211; <a href=\"https:\/\/www.tabernaklet.se\/?page_id=12271\">Henrik Olsson<\/a><br \/>&#8211; <a href=\"https:\/\/www.tabernaklet.se\/?page_id=12334\">\u00d6rjan Landgren<\/a><br \/>&#8211; <a href=\"https:\/\/www.tabernaklet.se\/?page_id=12503\">Daniel R\u00e5dberg<\/a><br \/>&#8211; <a href=\"https:\/\/www.tabernaklet.se\/?page_id=11339\">N\u00e4ra texten &#8211; konferens<\/a><br \/>&#8211;<a href=\"https:\/\/youtu.be\/q8_6oRqMNcg\"> Jakob R\u00f6nnerfors (Centro)<\/a><\/strong><\/p>\n<p>\u00a0<\/p>\t\t\t\t\t\t\t\t<\/div>\n\t\t\t\t<\/div>\n\t\t\t\t<\/div>\n\t\t\t\t<\/div>\n\t\t\t\t<\/div>\n\t\t<div class=\"elementor-element elementor-element-0b5ef2d e-con-full e-flex e-con e-parent\" data-id=\"0b5ef2d\" data-element_type=\"container\" data-e-type=\"container\">\n\t\t\t\t<div class=\"elementor-element elementor-element-e264785 elementor-widget elementor-widget-text-editor\" data-id=\"e264785\" data-element_type=\"widget\" data-e-type=\"widget\" data-widget_type=\"text-editor.default\">\n\t\t\t\t<div class=\"elementor-widget-container\">\n\t\t\t\t\t\t\t\t\t<p><a href=\"https:\/\/www.tabernaklet.se\/\">Tillbaka till <\/a><a href=\"https:\/\/www.tabernaklet.se\/\">hemsidan.<\/a><\/p>\t\t\t\t\t\t\t\t<\/div>\n\t\t\t\t<\/div>\n\t\t\t\t<\/div>\n\t\t\t\t<\/div>\n\t\t","protected":false},"excerpt":{"rendered":"<p>Predikningar och undervisning i Tabernaklet G\u00f6teborg \u00a0 Uppdelning efter talare:&#8211; Micael Nilsson&#8211;\u00a0Jonas Dagson&#8211; Birgitta Olsson Claesson&#8211; Magnus Claesson&#8211; Henrik Olsson&#8211; \u00d6rjan Landgren&#8211; Daniel R\u00e5dberg&#8211; N\u00e4ra texten &#8211; konferens&#8211; Jakob R\u00f6nnerfors (Centro) \u00a0 Tillbaka till hemsidan.<\/p>\n","protected":false},"author":10,"featured_media":0,"parent":0,"menu_order":0,"comment_status":"closed","ping_status":"closed","template":"","meta":{"footnotes":""},"class_list":["post-10309","page","type-page","status-publish","hentry"],"_links":{"self":[{"href":"https:\/\/www.tabernaklet.se\/index.php?rest_route=\/wp\/v2\/pages\/10309","targetHints":{"allow":["GET"]}}],"collection":[{"href":"https:\/\/www.tabernaklet.se\/index.php?rest_route=\/wp\/v2\/pages"}],"about":[{"href":"https:\/\/www.tabernaklet.se\/index.php?rest_route=\/wp\/v2\/types\/page"}],"author":[{"embeddable":true,"href":"https:\/\/www.tabernaklet.se\/index.php?rest_route=\/wp\/v2\/users\/10"}],"replies":[{"embeddable":true,"href":"https:\/\/www.tabernaklet.se\/index.php?rest_route=%2Fwp%2Fv2%2Fcomments&post=10309"}],"version-history":[{"count":655,"href":"https:\/\/www.tabernaklet.se\/index.php?rest_route=\/wp\/v2\/pages\/10309\/revisions"}],"predecessor-version":[{"id":12693,"href":"https:\/\/www.tabernaklet.se\/index.php?rest_route=\/wp\/v2\/pages\/10309\/revisions\/12693"}],"wp:attachment":[{"href":"https:\/\/www.tabernaklet.se\/index.php?rest_route=%2Fwp%2Fv2%2Fmedia&parent=10309"}],"curies":[{"name":"wp","href":"https:\/\/api.w.org\/{rel}","templated":true}]}}