{"id":10936,"date":"2025-11-05T23:07:00","date_gmt":"2025-11-05T22:07:00","guid":{"rendered":"https:\/\/www.tabernaklet.se\/?page_id=10936"},"modified":"2026-03-15T22:43:57","modified_gmt":"2026-03-15T21:43:57","slug":"jonas-dagson","status":"publish","type":"page","link":"https:\/\/www.tabernaklet.se\/?page_id=10936","title":{"rendered":"Jonas Dagson"},"content":{"rendered":"\t\t<div data-elementor-type=\"wp-page\" data-elementor-id=\"10936\" class=\"elementor elementor-10936\">\n\t\t\t\t<div class=\"elementor-element elementor-element-678c2833 e-con-full e-flex e-con e-parent\" data-id=\"678c2833\" data-element_type=\"container\" data-e-type=\"container\">\n\t\t\t\t<div class=\"elementor-element elementor-element-6526cc2c elementor-widget__width-initial elementor-widget-tablet__width-initial elementor-widget-mobile__width-inherit elementor-widget elementor-widget-text-editor\" data-id=\"6526cc2c\" data-element_type=\"widget\" data-e-type=\"widget\" data-widget_type=\"text-editor.default\">\n\t\t\t\t<div class=\"elementor-widget-container\">\n\t\t\t\t\t\t\t\t\t\n<h5>Jonas Dagsons predikningar <strong>och undervisning samlade efter<\/strong> Teman:<\/h5>\n\n<p>\u00a0<\/p>\n\t\t\t\t\t\t\t\t<\/div>\n\t\t\t\t<\/div>\n\t\t\t\t<\/div>\n\t\t<div class=\"elementor-element elementor-element-3d9ad5d e-con-full e-flex e-con e-parent\" data-id=\"3d9ad5d\" data-element_type=\"container\" data-e-type=\"container\">\n\t\t\t\t<div class=\"elementor-element elementor-element-14c4711 elementor-widget-mobile__width-inherit elementor-widget elementor-widget-text-editor\" data-id=\"14c4711\" data-element_type=\"widget\" data-e-type=\"widget\" data-widget_type=\"text-editor.default\">\n\t\t\t\t<div class=\"elementor-widget-container\">\n\t\t\t\t\t\t\t\t\t<ul>\n<li>\n<h5><a href=\"https:\/\/www.tabernaklet.se\/?page_id=11287\">En vandring genom Josuas liv<\/a><\/h5>\n<\/li>\n<li>\n<h5><a href=\"https:\/\/www.tabernaklet.se\/?page_id=11299\">Bibelns tillkomst och tolkning<\/a><\/h5>\n<\/li>\n<li>\n<h5><a href=\"https:\/\/www.tabernaklet.se\/?page_id=11308\">Genom Gamla Testamentet bok f\u00f6r bok\u00a0<\/a><\/h5>\n<\/li>\n<li>\n<h5><a href=\"https:\/\/www.tabernaklet.se\/?page_id=11314\">Genom Nya Testamentet bok f\u00f6r bok<\/a><\/h5>\n<\/li>\n<li>\n<h5><a href=\"https:\/\/www.tabernaklet.se\/?page_id=11320\">Jesu under<\/a><\/h5>\n<\/li>\n<li>\n<h5><a href=\"https:\/\/www.tabernaklet.se\/?page_id=11326\">Paulus r\u00e5d fr\u00e5n d\u00f6dens v\u00e4ntrum (2 Timoteus)<\/a><\/h5>\n<\/li>\n<li>\n<h5><a href=\"https:\/\/www.tabernaklet.se\/?page_id=11333\">Att bygga med b\u00f6nerop och murslev (Nehemja)<\/a><\/h5>\n<\/li>\n<li>\n<h5><a href=\"https:\/\/www.tabernaklet.se\/?page_id=11615\">\u00d6vriga predikningar<\/a><\/h5>\n<\/li>\n<\/ul>\t\t\t\t\t\t\t\t<\/div>\n\t\t\t\t<\/div>\n\t\t\t\t<\/div>\n\t\t<div class=\"elementor-element elementor-element-0b5ef2d e-con-full e-flex e-con e-parent\" data-id=\"0b5ef2d\" data-element_type=\"container\" data-e-type=\"container\">\n\t\t\t\t<div class=\"elementor-element elementor-element-e264785 elementor-widget elementor-widget-text-editor\" data-id=\"e264785\" data-element_type=\"widget\" data-e-type=\"widget\" data-widget_type=\"text-editor.default\">\n\t\t\t\t<div class=\"elementor-widget-container\">\n\t\t\t\t\t\t\t\t\t<p><a href=\"https:\/\/www.tabernaklet.se\/\">Tillbaka till <\/a><a href=\"https:\/\/www.tabernaklet.se\/\">hemsidan<\/a><a href=\"https:\/\/zoom.us\/j\/97551406873\">.<\/a><\/p>\t\t\t\t\t\t\t\t<\/div>\n\t\t\t\t<\/div>\n\t\t\t\t<\/div>\n\t\t\t\t<\/div>\n\t\t","protected":false},"excerpt":{"rendered":"<p>Jonas Dagsons predikningar och undervisning samlade efter Teman: \u00a0 En vandring genom Josuas liv Bibelns tillkomst och tolkning Genom Gamla Testamentet bok f\u00f6r bok\u00a0 Genom Nya Testamentet bok f\u00f6r bok Jesu under Paulus r\u00e5d fr\u00e5n d\u00f6dens v\u00e4ntrum (2 Timoteus) Att bygga med b\u00f6nerop och murslev (Nehemja) \u00d6vriga predikningar Tillbaka till hemsidan.<\/p>\n","protected":false},"author":10,"featured_media":0,"parent":0,"menu_order":0,"comment_status":"closed","ping_status":"closed","template":"","meta":{"footnotes":""},"class_list":["post-10936","page","type-page","status-publish","hentry"],"_links":{"self":[{"href":"https:\/\/www.tabernaklet.se\/index.php?rest_route=\/wp\/v2\/pages\/10936","targetHints":{"allow":["GET"]}}],"collection":[{"href":"https:\/\/www.tabernaklet.se\/index.php?rest_route=\/wp\/v2\/pages"}],"about":[{"href":"https:\/\/www.tabernaklet.se\/index.php?rest_route=\/wp\/v2\/types\/page"}],"author":[{"embeddable":true,"href":"https:\/\/www.tabernaklet.se\/index.php?rest_route=\/wp\/v2\/users\/10"}],"replies":[{"embeddable":true,"href":"https:\/\/www.tabernaklet.se\/index.php?rest_route=%2Fwp%2Fv2%2Fcomments&post=10936"}],"version-history":[{"count":190,"href":"https:\/\/www.tabernaklet.se\/index.php?rest_route=\/wp\/v2\/pages\/10936\/revisions"}],"predecessor-version":[{"id":12532,"href":"https:\/\/www.tabernaklet.se\/index.php?rest_route=\/wp\/v2\/pages\/10936\/revisions\/12532"}],"wp:attachment":[{"href":"https:\/\/www.tabernaklet.se\/index.php?rest_route=%2Fwp%2Fv2%2Fmedia&parent=10936"}],"curies":[{"name":"wp","href":"https:\/\/api.w.org\/{rel}","templated":true}]}}