{"id":1729,"date":"2020-10-22T12:15:24","date_gmt":"2020-10-22T10:15:24","guid":{"rendered":"https:\/\/www.tabernaklet.se\/?page_id=1729"},"modified":"2025-09-18T00:39:47","modified_gmt":"2025-09-17T22:39:47","slug":"samarbetspartner","status":"publish","type":"page","link":"https:\/\/www.tabernaklet.se\/?page_id=1729","title":{"rendered":"Samarbetspartner"},"content":{"rendered":"\t\t<div data-elementor-type=\"wp-page\" data-elementor-id=\"1729\" class=\"elementor elementor-1729\">\n\t\t\t\t<div class=\"elementor-element elementor-element-751057c2 e-flex e-con-boxed e-con e-parent\" data-id=\"751057c2\" data-element_type=\"container\" data-e-type=\"container\">\n\t\t\t\t\t<div class=\"e-con-inner\">\n\t\t\t\t<div class=\"elementor-element elementor-element-7a93c78 elementor-widget elementor-widget-text-editor\" data-id=\"7a93c78\" data-element_type=\"widget\" data-e-type=\"widget\" data-widget_type=\"text-editor.default\">\n\t\t\t\t<div class=\"elementor-widget-container\">\n\t\t\t\t\t\t\t\t\t\n<div class=\"wp-block-group\">\n<div class=\"wp-block-group__inner-container is-layout-flow wp-block-group-is-layout-flow\">\n<div class=\"wp-block-group\">\n<div class=\"wp-block-group__inner-container is-layout-flow wp-block-group-is-layout-flow\">\n<figure class=\"wp-block-gallery columns-3 wp-block-gallery-2 is-layout-flex wp-block-gallery-is-layout-flex\">\n<ul class=\"blocks-gallery-grid\">\n<li class=\"blocks-gallery-item\">\n<figure><img decoding=\"async\" class=\"wp-image-1734\" src=\"https:\/\/www.tabernaklet.se\/wp-content\/uploads\/2020\/10\/Equmeniakyrkan-Alt-Farg-1.png\" alt=\"\" width=\"167\" height=\"167\" data-id=\"1734\" data-link=\"https:\/\/www.tabernaklet.se\/?attachment_id=1734\" srcset=\"https:\/\/www.tabernaklet.se\/wp-content\/uploads\/2020\/10\/Equmeniakyrkan-Alt-Farg-1.png 544w, https:\/\/www.tabernaklet.se\/wp-content\/uploads\/2020\/10\/Equmeniakyrkan-Alt-Farg-1-300x300.png 300w, https:\/\/www.tabernaklet.se\/wp-content\/uploads\/2020\/10\/Equmeniakyrkan-Alt-Farg-1-150x150.png 150w\" sizes=\"(max-width: 167px) 85vw, 167px\" \/><\/figure>\n<\/li>\n<li class=\"blocks-gallery-item\">\n<figure><img decoding=\"async\" class=\"wp-image-1739\" src=\"https:\/\/www.tabernaklet.se\/wp-content\/uploads\/2020\/10\/EFK_RGB-3-1024x678.jpg\" alt=\"\" width=\"173\" height=\"115\" data-id=\"1739\" data-link=\"https:\/\/www.tabernaklet.se\/?attachment_id=1739\" srcset=\"https:\/\/www.tabernaklet.se\/wp-content\/uploads\/2020\/10\/EFK_RGB-3-1024x678.jpg 1024w, https:\/\/www.tabernaklet.se\/wp-content\/uploads\/2020\/10\/EFK_RGB-3-300x199.jpg 300w, https:\/\/www.tabernaklet.se\/wp-content\/uploads\/2020\/10\/EFK_RGB-3-768x509.jpg 768w, https:\/\/www.tabernaklet.se\/wp-content\/uploads\/2020\/10\/EFK_RGB-3-391x260.jpg 391w, https:\/\/www.tabernaklet.se\/wp-content\/uploads\/2020\/10\/EFK_RGB-3-1536x1017.jpg 1536w, https:\/\/www.tabernaklet.se\/wp-content\/uploads\/2020\/10\/EFK_RGB-3-2048x1356.jpg 2048w, https:\/\/www.tabernaklet.se\/wp-content\/uploads\/2020\/10\/EFK_RGB-3-1200x795.jpg 1200w\" sizes=\"(max-width: 173px) 85vw, 173px\" \/><\/figure>\n<\/li>\n<\/ul>\n<\/figure>\n<\/div>\n<\/div>\n<\/div>\n<\/div>\n\n<p>Tabernaklet i G\u00f6teborg samarbetar med tv\u00e5 kristna samfund, <a href=\"https:\/\/efk.se\">Evangeliska frikyrkan<\/a> och <a href=\"https:\/\/equmeniakyrkan.se\">Equmeniakyrkan<\/a>.<\/p>\n\n<p>Vi st\u00f6der ocks\u00e5 <a href=\"https:\/\/raddningsmissionen.se\">R\u00e4ddningsmissionens<\/a> arbete i G\u00f6teborg.<\/p>\n\n<p>I v\u00e5rt arbete med Trappaner, v\u00e5rt caf\u00e9 som startades f\u00f6r att erbjuda heml\u00f6sa och utsatta en trygg m\u00f6tesplats mitt i v\u00e5r stad, har vi sedan m\u00e5nga \u00e5r ocks\u00e5 ett gott arbete med G\u00f6teborgs stad.<\/p>\n\n<p>V\u00e5ra kulturengagemang sker i samband med studief\u00f6rbundet <a href=\"https:\/\/www.bilda.nu\">Bilda<\/a>.<\/p>\n\n<figure class=\"wp-block-image size-large is-resized\"><img decoding=\"async\" class=\"alignnone  wp-image-1173\" src=\"https:\/\/www.tabernaklet.se\/wp-content\/uploads\/2020\/02\/logotype-bilda-400x325-1-300x244.jpg\" alt=\"\" width=\"152\" height=\"124\" srcset=\"https:\/\/www.tabernaklet.se\/wp-content\/uploads\/2020\/02\/logotype-bilda-400x325-1-300x244.jpg 300w, https:\/\/www.tabernaklet.se\/wp-content\/uploads\/2020\/02\/logotype-bilda-400x325-1.jpg 400w\" sizes=\"(max-width: 152px) 85vw, 152px\" \/><\/figure>\n\n<p>\u00a0<\/p>\n\t\t\t\t\t\t\t\t<\/div>\n\t\t\t\t<\/div>\n\t\t\t\t\t<\/div>\n\t\t\t\t<\/div>\n\t\t\t\t<\/div>\n\t\t","protected":false},"excerpt":{"rendered":"<p>Tabernaklet i G\u00f6teborg samarbetar med tv\u00e5 kristna samfund, Evangeliska frikyrkan och Equmeniakyrkan. Vi st\u00f6der ocks\u00e5 R\u00e4ddningsmissionens arbete i G\u00f6teborg. I v\u00e5rt arbete med Trappaner, v\u00e5rt caf\u00e9 som startades f\u00f6r att erbjuda heml\u00f6sa och utsatta en trygg m\u00f6tesplats mitt i v\u00e5r stad, har vi sedan m\u00e5nga \u00e5r ocks\u00e5 ett gott arbete med G\u00f6teborgs stad. V\u00e5ra kulturengagemang &hellip; <a href=\"https:\/\/www.tabernaklet.se\/?page_id=1729\" class=\"more-link\">Forts\u00e4tt l\u00e4sa<span class=\"screen-reader-text\"> \u201dSamarbetspartner\u201d<\/span><\/a><\/p>\n","protected":false},"author":3,"featured_media":0,"parent":0,"menu_order":0,"comment_status":"closed","ping_status":"closed","template":"","meta":{"footnotes":""},"class_list":["post-1729","page","type-page","status-publish","hentry"],"_links":{"self":[{"href":"https:\/\/www.tabernaklet.se\/index.php?rest_route=\/wp\/v2\/pages\/1729","targetHints":{"allow":["GET"]}}],"collection":[{"href":"https:\/\/www.tabernaklet.se\/index.php?rest_route=\/wp\/v2\/pages"}],"about":[{"href":"https:\/\/www.tabernaklet.se\/index.php?rest_route=\/wp\/v2\/types\/page"}],"author":[{"embeddable":true,"href":"https:\/\/www.tabernaklet.se\/index.php?rest_route=\/wp\/v2\/users\/3"}],"replies":[{"embeddable":true,"href":"https:\/\/www.tabernaklet.se\/index.php?rest_route=%2Fwp%2Fv2%2Fcomments&post=1729"}],"version-history":[{"count":9,"href":"https:\/\/www.tabernaklet.se\/index.php?rest_route=\/wp\/v2\/pages\/1729\/revisions"}],"predecessor-version":[{"id":9850,"href":"https:\/\/www.tabernaklet.se\/index.php?rest_route=\/wp\/v2\/pages\/1729\/revisions\/9850"}],"wp:attachment":[{"href":"https:\/\/www.tabernaklet.se\/index.php?rest_route=%2Fwp%2Fv2%2Fmedia&parent=1729"}],"curies":[{"name":"wp","href":"https:\/\/api.w.org\/{rel}","templated":true}]}}