{"id":2,"date":"2019-06-13T12:28:37","date_gmt":"2019-06-13T12:28:37","guid":{"rendered":"http:\/\/tabernaklet.se\/?page_id=2"},"modified":"2025-09-16T11:11:12","modified_gmt":"2025-09-16T09:11:12","slug":"sample-page","status":"publish","type":"page","link":"https:\/\/www.tabernaklet.se\/?page_id=2","title":{"rendered":"Om oss"},"content":{"rendered":"\t\t<div data-elementor-type=\"wp-page\" data-elementor-id=\"2\" class=\"elementor elementor-2\">\n\t\t\t\t<div class=\"elementor-element elementor-element-28866196 e-flex e-con-boxed e-con e-parent\" data-id=\"28866196\" data-element_type=\"container\" data-e-type=\"container\">\n\t\t\t\t\t<div class=\"e-con-inner\">\n\t\t\t\t<div class=\"elementor-element elementor-element-558b6b19 elementor-widget elementor-widget-text-editor\" data-id=\"558b6b19\" data-element_type=\"widget\" data-e-type=\"widget\" data-widget_type=\"text-editor.default\">\n\t\t\t\t<div class=\"elementor-widget-container\">\n\t\t\t\t\t\t\t\t\t\n<p>G\u00f6teborgs Baptistf\u00f6rsamling, med sin kyrka Tabernaklet,\u00a0\u00e4r en kristen f\u00f6rsamling mitt i G\u00f6teborg. Med Jesus Kristus i centrum vill vi vara en m\u00f6tesplats dit alla kan komma \u2013 i livets alla skiften \u2013 och f\u00e5 en f\u00f6rdjupad k\u00e4rlek till Gud och andra m\u00e4nniskor.<\/p>\n\n<p>F\u00f6rsamlingen bildades 1861, f\u00f6r drygt 150 \u00e5r sedan, och \u00e4r d\u00e4rmed en av landets \u00e4ldsta frikyrkor. \u00c4nda sedan starten har f\u00f6rsamlingen tillh\u00f6rt Svenska Baptistsamfundet. \u00c5r 2012 bildade Svenska Baptistsamfundet tillsammans med Svenska Missionskyrkan och Metodistkyrkan i Sverige ett gemensamt samfund, Equmeniakyrkan. Under 2015 ansl\u00f6t sig G\u00f6teborgs Baptistf\u00f6rsamling \u00e4ven\u00a0till Evangeliska Frikyrkan\u00a0och tillh\u00f6r\u00a0idag b\u00e5de Equmeniakyrkan och Evangeliska Frikyrkan.<br \/>Vi firar gudstj\u00e4nst varje s\u00f6ndag klockan 11:00, men det finns \u00e4ven m\u00e5nga tillf\u00e4llen att m\u00f6tas i veckorna.<\/p>\n\n<p>Mer information om:<br \/>&#8211; <a href=\"https:\/\/www.tabernaklet.se\/?page_id=76\" data-type=\"link\" data-id=\"https:\/\/www.tabernaklet.se\/?page_id=76\">En inkluderande gemenskap<\/a><br \/>&#8211; <a href=\"https:\/\/www.tabernaklet.se\/?page_id=68\" data-type=\"link\" data-id=\"https:\/\/www.tabernaklet.se\/?page_id=68\">Tabernaklets historia<\/a><br \/>&#8211; <a href=\"https:\/\/www.tabernaklet.se\/?page_id=72\" data-type=\"link\" data-id=\"https:\/\/www.tabernaklet.se\/?page_id=72\">Vad vi tror<\/a><br \/>&#8211; <a href=\"https:\/\/www.tabernaklet.se\/?page_id=95\" data-type=\"link\" data-id=\"https:\/\/www.tabernaklet.se\/?page_id=95\">V\u00e5ra samfund<\/a><br \/>&#8211; <a href=\"https:\/\/www.tabernaklet.se\/?page_id=1165\" data-type=\"link\" data-id=\"https:\/\/www.tabernaklet.se\/?page_id=1165\">Vill du st\u00f6dja<\/a><br \/>&#8211;<a href=\"https:\/\/www.tabernaklet.se\/?page_id=9661\"> Medlemskap<\/a><\/p>\n\n<p>Tabernaklet \u00e4r \u00e4ven huvudman f\u00f6r\u00a0<a href=\"http:\/\/www.cafetrappaner.se\/\" target=\"_blank\" rel=\"noreferrer noopener\">Caf\u00e9 Trappan\u00e9r<\/a>, ett kv\u00e4llscaf\u00e9 f\u00f6r heml\u00f6sa.<\/p>\n\n<p>V\u00e4lkommen att vara med!\u00a0<\/p>\n\n<p>Tillbaka till <a href=\"https:\/\/www.tabernaklet.se\/\" data-type=\"link\" data-id=\"https:\/\/www.tabernaklet.se\/\">hemsidan<\/a>.<\/p>\n\t\t\t\t\t\t\t\t<\/div>\n\t\t\t\t<\/div>\n\t\t\t\t\t<\/div>\n\t\t\t\t<\/div>\n\t\t\t\t<\/div>\n\t\t","protected":false},"excerpt":{"rendered":"<p>G\u00f6teborgs Baptistf\u00f6rsamling, med sin kyrka Tabernaklet,\u00a0\u00e4r en kristen f\u00f6rsamling mitt i G\u00f6teborg. Med Jesus Kristus i centrum vill vi vara en m\u00f6tesplats dit alla kan komma \u2013 i livets alla skiften \u2013 och f\u00e5 en f\u00f6rdjupad k\u00e4rlek till Gud och andra m\u00e4nniskor. F\u00f6rsamlingen bildades 1861, f\u00f6r drygt 150 \u00e5r sedan, och \u00e4r d\u00e4rmed en av &hellip; <a href=\"https:\/\/www.tabernaklet.se\/?page_id=2\" class=\"more-link\">Forts\u00e4tt l\u00e4sa<span class=\"screen-reader-text\"> \u201dOm oss\u201d<\/span><\/a><\/p>\n","protected":false},"author":3,"featured_media":0,"parent":0,"menu_order":0,"comment_status":"closed","ping_status":"open","template":"","meta":{"footnotes":""},"class_list":["post-2","page","type-page","status-publish","hentry"],"_links":{"self":[{"href":"https:\/\/www.tabernaklet.se\/index.php?rest_route=\/wp\/v2\/pages\/2","targetHints":{"allow":["GET"]}}],"collection":[{"href":"https:\/\/www.tabernaklet.se\/index.php?rest_route=\/wp\/v2\/pages"}],"about":[{"href":"https:\/\/www.tabernaklet.se\/index.php?rest_route=\/wp\/v2\/types\/page"}],"author":[{"embeddable":true,"href":"https:\/\/www.tabernaklet.se\/index.php?rest_route=\/wp\/v2\/users\/3"}],"replies":[{"embeddable":true,"href":"https:\/\/www.tabernaklet.se\/index.php?rest_route=%2Fwp%2Fv2%2Fcomments&post=2"}],"version-history":[{"count":8,"href":"https:\/\/www.tabernaklet.se\/index.php?rest_route=\/wp\/v2\/pages\/2\/revisions"}],"predecessor-version":[{"id":9693,"href":"https:\/\/www.tabernaklet.se\/index.php?rest_route=\/wp\/v2\/pages\/2\/revisions\/9693"}],"wp:attachment":[{"href":"https:\/\/www.tabernaklet.se\/index.php?rest_route=%2Fwp%2Fv2%2Fmedia&parent=2"}],"curies":[{"name":"wp","href":"https:\/\/api.w.org\/{rel}","templated":true}]}}